omposite number?
True
Is 536628959 a composite number?
False
Is 194596369 composite?
True
Is 7812075111 prime?
False
Is 74628077483 prime?
False
Is 73471487 composite?
False
Is 3593718389 composite?
False
Is 3921919061 a composite number?
True
Is 11611409279 a prime number?
True
Is 2661627707 prime?
True
Is 13792869526 composite?
True
Is 23532806909 prime?
True
Is 165108593 composite?
True
Is 7047513049 a composite number?
False
Is 1545550639 composite?
False
Is 21095083805 composite?
True
Is 74466169 a composite number?
True
Is 181806508357 a composite number?
True
Is 81784798439 a composite number?
True
Is 1025872777 a prime number?
False
Is 8189964967 prime?
True
Is 48317821 prime?
False
Is 4933739935 a composite number?
True
Is 1505336569 a composite number?
True
Is 2205300793 a composite number?
False
Is 1232434723 a prime number?
False
Is 1009601009 a prime number?
True
Is 13998698171 a composite number?
False
Is 5954810629 a prime number?
False
Is 5535732553 a composite number?
True
Is 537387217 a prime number?
False
Is 510984907 a composite number?
True
Is 156280435706 a composite number?
True
Is 55326013 composite?
True
Is 67379784881 a prime number?
True
Is 124950967 a composite number?
True
Is 93408811 prime?
True
Is 76889533619 a composite number?
False
Is 319337362 composite?
True
Is 2799421361 a composite number?
True
Is 36589678327 composite?
False
Is 6585413773 a prime number?
False
Is 1928683 a composite number?
True
Is 18167442137 prime?
False
Is 19399812518 a prime number?
False
Is 1927170653 a prime number?
True
Is 87842297 composite?
False
Is 66969924439 a prime number?
False
Is 210808123 prime?
False
Is 242293693 a composite number?
False
Is 5467990061 a composite number?
False
Is 6152613167 prime?
True
Is 3653092987 a composite number?
False
Is 263805077 composite?
True
Is 2175204989 a composite number?
True
Is 140118361 a prime number?
False
Is 9146937109 composite?
False
Is 19441869569 a composite number?
False
Is 10123241987 a composite number?
False
Is 1294429637 a composite number?
False
Is 5442096131 a composite number?
False
Is 2351315863 a prime number?
False
Is 2070019969 a prime number?
True
Is 38068551797 a composite number?
False
Is 13201342837 prime?
True
Is 1406388598 composite?
True
Is 3170655509 a composite number?
True
Is 6610097581 a composite number?
True
Is 11848215578 a composite number?
True
Is 216836993 a prime number?
True
Is 67713727219 prime?
False
Is 12571335589 composite?
False
Is 3196384187 composite?
False
Is 201454049 a prime number?
True
Is 105499069 a prime number?
False
Is 1782141343 prime?
False
Is 6642417787 a prime number?
True
Is 8144415289 prime?
False
Is 2885863661 a composite number?
True
Is 15282794993 prime?
False
Is 5168032157 prime?
False
Is 4217812009 a composite number?
False
Is 18016417043 composite?
False
Is 146788677583 a prime number?
True
Is 15969962119 a prime number?
True
Is 16003563077 a prime number?
False
Is 5123446513 composite?
False
Is 279706897 prime?
True
Is 38364809683 prime?
True
Is 4889327167 prime?
True
Is 37190247 composite?
True
Is 1160895721 a prime number?
False
Is 248301763 prime?
True
Is 9653924167 a prime number?
False
Is 932275381 a composite number?
False
Is 4213379809 prime?
True
Is 24104203 composite?
False
Is 57299399533 composite?
False
Is 108593625877 a prime number?
False
Is 2925509269 composite?
True
Is 17187779461 prime?
True
Is 657404749 a prime number?
False
Is 1230514361 composite?
False
Is 484561943 prime?
False
Is 32639296049 composite?
False
Is 1075378201 a prime number?
False
Is 853900519 a prime number?
True
Is 6330333431 composite?
False
Is 24866046011 a prime number?
True
Is 10458074729 prime?
False
Is 103843075351 prime?
True
Is 442398881 composite?
True
Is 10760521367 a composite number?
False
Is 182748844063 composite?
False
Is 738624899 a composite number?
True
Is 567027941 composite?
False
Is 50661924151 composite?
True
Is 2260639913 a composite number?
True
Is 1578410979 composite?
True
Is 719190833 a prime number?
False
Is 110101895303 a prime number?
False
Is 72127631 a prime number?
False
Is 309694669 a composite number?
True
Is 27658019 composite?
True
Is 2235356969 composite?
False
Is 2024672617 a prime number?
False
Is 1119780731 a prime number?
True
Is 12604694213 a prime number?
True
Is 3958711661 a composite number?
False
Is 6481028501 composite?
False
Is 8612036167 prime?
False
Is 528854743 prime?
False
Is 637549739 prime?
True
Is 19035512317 composite?
True
Is 28259968937 a composite number?
True
Is 7912489847 composite?
False
Is 3927748813 composite?
False
Is 9407396863 a composite number?
True
Is 544928093 composite?
False
Is 3025331599 composite?
False
Is 26494086569 a composite number?
False
Is 6539019241 prime?
False
Is 2421891382 a composite number?
True
Is 5081459693 a prime number?
False
Is 4423423429 a composite number?
False
Is 2234289907 prime?
True
Is 48847217 a composite number?
False
Is 406368647 composite?
False
Is 2222120638 a prime number?
False
Is 3695351633 prime?
False
Is 86121750821 a composite number?
True
Is 2046770279 a composite number?
False
Is 187219337 prime?
False
Is 55512277 a prime number?
False
Is 574483817 a prime number?
False
Is 61790893943 prime?
True
Is 16797566063 prime?
False
Is 922954711 prime?
False
Is 25361961113 composite?
False
Is 2654753019 a prime number?
False
Is 18219391543 a prime number?
True
Is 56432847 a prime number?
False
Is 52710679651 a prime number?
False
Is 17593273883 a composite number?
False
Is 78874519 a prime number?
False
Is 27532630453 composite?
True
Is 141228773 prime?
False
Is 6253580379 a composite number?
True
Is 24705982787 a prime number?
True
Is 252752293 prime?
True
Is 8296553 a prime number?
True
Is 411383587 a composite number?
True
Is 799796357 a composite number?
True
Is 11107730563 composite?
False
Is 739482617 composite?
False
Is 296923131677 a prime number?
True
Is 259175099 prime?
False
Is 1786063603 prime?
False
Is 735633737 prime?
True
Is 676581394 a prime number?
False
Is 473482609 composite?
False
Is 2468592073 prime?
True
Is 26682551473 a composite number?
False
Is 6217935431 a composite number?
False
Is 117536250443 composite?
True
Is 62140866107 prime?
True
Is 14760417611 a composite number?
False
Is 83630773679 a prime number?
False
Is 1393549033 a composite number?
False
Is 545019043 composite?
False
Is 3787214059 a prime number?
False
Is 35926664105 a composite number?
True
Is 7094137573 composite?
False
Is 28975367 composite?
False
Is 4453546303 composite?
False
Is 295162019 a composite number?
True
Is 107190367 composite?
True
Is 345449999 a composite number?
False
Is 2117250449 prime?
True
Is 246767527109 a prime number?
True
Is 353691241 a composite number?
False
Is 4144689671 a composite number?
False
Is 231510101 composite?
True
Is 6381766537 a prime number?
False
Is 3153879487 a prime number?
False
Is 1589769277 prime?
True
Is 119403360205 composite?
True
Is 7478856001 a composite number?
True
Is 2138273227 a prime number?
False
Is 637452589 a prime number?
False
Is 15325740583 composite?
False
Is 2461720507 a prime number?
True
Is 3057722179 a prime number?
True
Is 23427087119 a prime number?
True
Is 2245613099 prime?
False
Is 2637726599 composite?
False
Is 181917054221 a prime number?
False
Is 196251101 prime?
True
Is 10784413417 a composite number?
False
Is 341314847 a prime number?
False
Is 4803565331 prime?
True
Is 2725269647 composite?
True
Is 44407299633 a composite number?
True
Is 11785523107 a prime number?
True
Is 151271093 a composite number?
True
Is 113328420721 composite?
False
Is 395416166647 composite?
False
Is 38381386663 a composite number?
False
Is 51988199279 a composite number?
True
Is 1392585521 a composite number?
False
Is 1836145187 a prime number?
True
Is 1126347847 composite?
False
Is 800800969 a composite number?
False
Is 4390030069 composite?
False
Is 86748275429 composite?
True
Is 6365829667 a prime number?
True
Is 62513400973 a composite number?
False
Is 779610649 a prime number?
True
Is 345666179 composite?
False
Is 7302205853 a prime number?
False
Is 77567687 prime?
True
Is 226200899137 a prime number?
True
Is 9953279533 composite?
True
Is 8338347917 prime?
True
Is 91060020151 a p